?
1
Suppose -2*n + 51637 = w, 4*n - 7*n - w + 77454 = 0. What is the thousands digit of n?
5
Let z = 60 - 58. Suppose p + 0*p + 266 = -3*r, -3*p = z*r + 189. Let a = r + 180. What is the units digit of a?
3
Let j(w) = -3*w**3 - 63*w**2 - 140*w + 42. What is the tens digit of j(-20)?
4
Suppose -11*b - 2 = -24. Suppose 0 = 7*d + b*d - 2925. Let j = d + -84. What is the units digit of j?
1
Let a(v) = -v**2 + 2. Let o be a(-2). Let b(f) = 1. Let z(k) = -4*k - 43. Let n(w) = o*b(w) - z(w). What is the units digit of n(0)?
1
Let w(q) = -2*q**3 + 15*q**2 - 11*q - 19. Let o be w(6). What is the tens digit of o + 8/(-6)*(-3)/(-2)?
2
What is the units digit of -9*(27692/(-126) - 11)?
7
What is the tens digit of (-4)/10*-2 + (-5 - 1642280/(-25))?
8
Let q be 3/2 + (-4578)/(-12). Suppose 458*a = 459*a - q. What is the hundreds digit of a?
3
Let k(a) = a**3 + 4*a**2 - 2*a - 9. Let p be k(-3). What is the units digit of 385 + -4*p/(-24)?
6
Suppose 2*b + 4*o - 418 = 0, -2*b + 4*b - o = 423. Suppose -b - 143 = -3*t - 3*n, -4*t - 2*n + 478 = 0. Let q = -30 + t. What is the tens digit of q?
9
Let m(h) = 141*h - 268. What is the thousands digit of m(39)?
5
Let j(p) = 2*p**3 - 7*p**2 - 7*p - 9. Let z be j(8). Let c = z + -158. What is the tens digit of c?
5
Let l = 696 + -697. What is the hundreds digit of 839 - (4 + (0 - -3) + l)?
8
Let d(s) = -s + 5. Let u = -106 - -49. Let z = u - -54. What is the units digit of d(z)?
8
Suppose 12714 = 3*a + k, 4*a - 5*k + k - 16952 = 0. What is the thousands digit of a?
4
Suppose 2*m + 40*m = -55104. Let n = m - -2007. What is the units digit of n?
5
Suppose n - a = 1891, -7*a = -4*n - 2*a + 7569. Suppose -11*u + 12*u - n = -5*d, d + 4*u - 362 = 0. What is the units digit of d?
8
Suppose y + 5*w = -y - 86, 0 = -5*y - w - 215. Let a = 45 + y. Suppose -a*m + 2*r + 108 = 24, -m = -2*r - 47. What is the tens digit of m?
3
Suppose 26*h + 99070 = 36*h. What is the hundreds digit of h?
9
Let z = -52 + -118. Let l = z + 927. What is the hundreds digit of l?
7
Suppose -2*k - r + 13038 + 6075 = 0, -5*k + 2*r + 47751 = 0. What is the units digit of k?
3
Let i be 3 - 56/(-84)*(-54)/(-4). What is the tens digit of 3/(-12) - (-531)/i?
4
Let k(w) = w. Let p be k(2). What is the units digit of (p/(-7))/(1036/(-147) - -7)?
6
Let o = -135 - -138. Suppose -o*u + 1615 = 229. What is the hundreds digit of u?
4
Let x = 53395 - 24501. What is the hundreds digit of x?
8
Suppose -69 = 4*m + 51. Let b = m + 28. Let z = b + 3. What is the units digit of z?
1
Let n(p) = 32*p - 68. Let c be 12 - (-6 + 5 + 1). What is the hundreds digit of n(c)?
3
Suppose -4*s + 23 = 15. Suppose 318 = 3*y - s*v, -8*v = 2*y - 6*v - 212. What is the units digit of y?
6
Let j = -20 - -17. Let k be (-720)/64*(8/j)/1. What is the units digit of -3*(-4)/90 + 1796/k?
0
Suppose -496625 = -9*w + 88897. What is the hundreds digit of w?
0
Let z be (-4)/(-10) + -2*(-1)/(-5). Suppose z = 3*o - 2*m - 652, -o - 4*m + 236 = -0*m. What is the hundreds digit of o?
2
Suppose -3*u - 6*u + 153 = 0. Suppose 21*z = u*z + 92. Suppose z = 5*s - 22. What is the units digit of s?
9
Suppose -74*x + 446259 = -19*x - 22*x. What is the units digit of x?
3
Let u(s) = 10*s**2 - 4*s + 3. Let c be u(-1). Suppose -3*t + 1728 = 5*v, -c*t + 15*t + 1152 = -5*v. What is the units digit of t?
6
Let l(k) = 5*k**2 + k - 4. Let v = 109 + -111. Let y be l(v). Suppose y*q - 19*q = -720. What is the tens digit of q?
4
Suppose 42 = -3*i - 0*i. Let s = 17 + i. Suppose -s*g = -4*t - 96 - 43, 4*t - 8 = 0. What is the units digit of g?
9
Let v = -23489 - -23487. Let o(p) = 6*p**2 - p + 7. Let y(w) = -4*w**2 + w - 5. Let j(u) = 5*o(u) + 7*y(u). What is the units digit of j(v)?
4
Let u = 120 - 315. Let q = 585 + u. What is the tens digit of q?
9
Suppose h - 139 = 6306. What is the units digit of h?
5
Let l(w) = 23*w - 20. Let q(m) = -m**2 + 10*m - 25. Let d be q(7). Let f be l(d). Let y = f - -252. What is the tens digit of y?
4
Let u = 11268 - 1548. What is the units digit of u?
0
Suppose -17*v + 20 = -13*v. Suppose 5 = 5*j + v*r, 0*r + 6 = -4*j + r. What is the units digit of (j - 0) + (-175)/(-14)*10?
4
Let y = 8146 + 7668. What is the ten thousands digit of y?
1
Suppose 72*b + 20*b - 1559937 = 1338339. What is the hundreds digit of b?
5
Suppose 3*p + 190*v - 194*v = 76350, -p - 3*v + 25424 = 0. What is the thousands digit of p?
5
Let r = 7967 + -5419. What is the units digit of r?
8
Let v(m) = m**3 + 9*m**2 - 19*m - 23. Let t = -125 - -115. What is the tens digit of v(t)?
6
Suppose 35*a - 86 = -16. Suppose -1344 + 232 = -a*f. What is the units digit of f?
6
Let s(j) = j**2 + 95*j - 475. Let o(c) = 2*c**2 + 140*c - 712. Let m(d) = 5*o(d) - 8*s(d). What is the hundreds digit of m(37)?
7
Suppose -4*q = -z + 3215, -13*z + 4*q - 16027 = -18*z. What is the hundreds digit of z?
2
Let v = 8 - 1. Suppose v*k = k + 450. Let y = k - 45. What is the units digit of y?
0
Let z = 7 + 17. Let k be z + -1 + 2 - (-9 + 12). Let c = 64 - k. What is the units digit of c?
2
Let i(c) = -8*c + 12. Let k be (-9 - (1 - -1))*(-1 - -2). Let w be (k/4 - -2)/((-4)/(-16)). What is the units digit of i(w)?
6
Let n(c) = -77*c**3 + 19*c**2 + 55*c + 4. What is the hundreds digit of n(-3)?
0
Suppose 0 = v - 4 - 0. Let a = -364 - -370. Suppose 4 = -5*w - a, 5*o - v*w - 423 = 0. What is the tens digit of o?
8
Let h = 70 + -45. Suppose 11 = 2*n + 2*c - h, -39 = -2*n - 3*c. Suppose 0 = -5*v + n, -2*q - 264 = -3*q - v. What is the hundreds digit of q?
2
Suppose 0 = 4*z - 12 - 8. Let p be (-2 + z)*436/(-4). Let f = 481 + p. What is the tens digit of f?
5
Let k = -711 - -5074. What is the hundreds digit of k?
3
Suppose 22 - 4 = 18*f. Let b(s) = 38*s**3 - s**2 - 2*s + 2. What is the tens digit of b(f)?
3
Let r(t) = -37*t**3 + 29*t + 73. What is the hundreds digit of r(-4)?
3
Suppose 0 = 5*w + 14 + 6, 2*w - 159 = -r. What is the hundreds digit of ((-10)/70 - 22/(-7))*r?
5
Suppose 4*o + 2252 = -5*i, 3*o + 2*i + 2*i + 1689 = 0. Let t = o - -950. What is the hundreds digit of t?
3
Suppose -2*m = -5*u - 46 + 10, -4*u = 2*m + 18. What is the units digit of (u/(-5))/(45/150)?
4
What is the tens digit of (-50)/80 - 2430318/(-176)?
0
Let q = 1190 - 543. Let p = q - 50. What is the units digit of p?
7
Let j = 692 - 378. Let s be 32/(-6) - 2/3. What is the units digit of s/(-10) + j/10?
2
Let s(n) = 720*n**2 + 36*n + 121. What is the hundreds digit of s(-4)?
4
Suppose 31*v = -23*v + 77*v - 492361. What is the thousands digit of v?
1
Suppose -m + 2496 = m + 4*v, 3*m = -4*v + 3742. Suppose 6*k - 170 = m. Let a = -136 + k. What is the units digit of a?
0
Suppose 0 = -13*h + 40 + 12. What is the hundreds digit of 508 - h*(-9)/12?
5
Suppose -16*h + 22*h - 5292 = 0. Let b = -506 + h. What is the units digit of b?
6
Let y(r) = 47*r**3 + 5*r**2 - 5*r + 3. Let a(b) = 48*b**3 + 4*b**2 - 3*b + 2. Let n(k) = 3*a(k) - 2*y(k). What is the hundreds digit of n(2)?
4
Let a = 225 + 12527. What is the tens digit of a?
5
Suppose 3*q = 5*n - 39873, -3*q + 8204 - 251 = n. What is the hundreds digit of n?
9
Let j = 7269 - 4849. What is the units digit of j?
0
Let s(q) = 61*q**3 + 4*q**2 + 3*q. Let d be s(2). Suppose -5*t = t - d. What is the hundreds digit of (-4063)/t*1*-5?
2
Suppose -2*p = 5*g - 71570, -2*g + 2325 + 26317 = -2*p. What is the units digit of g?
6
Let u be -92*10/(-4)*(-8)/(-40). Let h = u - -5. What is the units digit of h?
1
Suppose -d = -5*i - 51 - 0, 4*i = -5*d + 284. What is the hundreds digit of -3 - 7/(d/(-12248))?
5
Let y be 0 + 4 + 0 - 3. Let v be (2 + -2 + -4)*y. What is the units digit of 0 - v - (0 - 2)?
6
Suppose 0 = -4*f + b + 260 - 24, -220 = -4*f + 5*b. Let g be (f/(-16))/((-5)/80). What is the units digit of 108/(-15)*g/(-9)?
8
Suppose 4*c - 2*c = 6394. Suppose 79 + c = 12*t. Suppose 2*d + 4*w - t = 59, -d - 5*w = -157. What is the units digit of d?
2
Suppose 4*a - 46 = -c, a - 3*c - 22 = 2*c. Suppose 0 = a*w - 206 - 190. Suppose -8*n - w + 273 = 0. What is the tens digit of n?
3
Suppose -710 = -4*j - 3*z, 0*j + 893 = 5*j + z. Let d = -323 + j. What is the tens digit of (3 - 2)/((-2)/d*2)?
3
Let o = -2 - -7. Suppose 3*p - 420 = -i, 3*i - 1157 = o*p + 159. Suppose 9*x = -0*x + i. What is the tens digit of x?
4
Let l(b) = -45*b**2 + 17*b - 9*b + 2*b + b**3 + 10 +